21250)/(-110) - 1/(33/y).
193
Suppose -2*w + 4*a + 4 = 0, -4*w + 0*a - 1 = a. Suppose w = 12*k + 6*k - 4608. What are the prime factors of k?
2
Let j(x) = -2*x**2 - 24*x - 60. Let z be j(-4). Suppose -z*h = -4*p - 88, -4*p - 106 = -4*h - h. List the prime factors of h.
2, 3
Suppose -1608 = -3*d - 369. Let s = d + -190. Suppose 4*x - 153 - s = 0. What are the prime factors of x?
2, 47
Let a be (6 + -11)/(2/(-2)). Suppose 0*h - 5*g + 1395 = a*h, 0 = -4*h - 5*g + 1114. List the prime factors of h.
281
Suppose i + 34 = -2*k, i + i = -5*k - 84. Let g be 96/12 + 1 - 8. What are the prime factors of g - k - (8 + -4)?
13
List the prime factors of 2/((-4)/(-10442)) + 3 + 165/(-33).
17, 307
Let p be 1 + (177 + 8)/(2/2). Suppose -b - 397 = -2*q, -2*q + 3*q + 2*b - p = 0. List the prime factors of q.
2, 7
Suppose 4*j - 1144 = 3*q - 7645, 4*j = 0. Suppose 3*z = -2*p + 2846, 0 = -3*z + 3*p + q + 689. List the prime factors of z.
2, 5, 19
Suppose 3*s - 3*w - 521 = -s, 0 = 3*s + 5*w - 427. Suppose -3*l = -4*l + s. What are the prime factors of l?
2, 67
Suppose 3*s - 13*l - 79261 = -17*l, 132188 = 5*s + 19*l. What are the prime factors of s?
7, 11
Let j = 2902 + -2897. Suppose 0*g + g = 4. Suppose -3*w + 472 = g*x, x = 6*x - j. What are the prime factors of w?
2, 3, 13
Let g = 1323 - 340. Suppose -111*p + o = -110*p - g, -2*o = p - 989. What are the prime factors of p?
5, 197
Let z(a) = 282*a**2 - 64*a + 218. List the prime factors of z(12).
2, 20029
Let m(n) = -18*n - 16. Let v = 80 - 82. List the prime factors of m(v).
2, 5
Let a = -9973 - -19022. What are the prime factors of a?
9049
Suppose 95076 = -139*a + 163*a - 36852. What are the prime factors of a?
23, 239
Let a(w) = -w**3 - 39*w**2 - 395*w + 14. List the prime factors of a(-17).
7, 53
Suppose -4*d = -4*m - 41204, 0 = -14*d + 11*d - m + 30919. What are the prime factors of d?
3, 5, 229
Suppose 12*u + 0*u + 144 = 0. Let i be (-44)/u + 3/9. Suppose 2*y = 2*s - 126, -5*y = -3*s + i*s - 75. What are the prime factors of s?
5, 13
Suppose v = -77 + 21. List the prime factors of (-4)/(64/v)*2.
7
Suppose 3*p - 10*p = 21. Let j(i) = -5*i**2 - 3*i - 7. Let m be j(p). Let r = m + 122. List the prime factors of r.
79
Suppose -2*i + 19064 = -5*t, 4*i + 6*t = 3*t + 38180. List the prime factors of i.
2, 13, 367
Let g = -19365 - -68574. List the prime factors of g.
3, 47, 349
Let p(l) = -2*l**3 + 20*l**2 - 75*l. What are the prime factors of p(-15)?
3, 5, 11
Let j = 669 - 473. Suppose 186*p = j*p - 7410. List the prime factors of p.
3, 13, 19
List the prime factors of 764656/56*((-189)/(-18))/3.
47791
Suppose 0*r - 6*r = 0. Suppose 5*p + 3*v + v - 58 = r, 5*v = -p - 1. List the prime factors of 1226/p + 54/126.
2, 11
Let t be (-9)/(-21) - (-774)/(-42). Let h be ((-27)/t)/((-1)/(-42)). Suppose 3*b + 0*b - h = o, -2*o + 105 = 5*b. List the prime factors of b.
3, 7
Suppose 2*b + 8 = 4*f, -2 = -b + 3*f - 10. Let p(w) = 64*w + 27. What are the prime factors of p(b)?
283
Let z = -9966 - -18877. List the prime factors of z.
7, 19, 67
Let f be 6/(-75) - 39831/(-75). Let g = 985 - f. List the prime factors of g.
2, 227
Let s(y) = 4222*y**2 + 12*y + 4. List the prime factors of s(-1).
2, 7, 43
Let h be ((4840/(-33))/20)/(4/(-6)). Suppose -l - 6 = -h, -412 = -4*m - 4*l. List the prime factors of m.
2, 7
Suppose 2869*u + 27599 = 3*z + 2865*u, -5*z + 3*u + 45980 = 0. List the prime factors of z.
29, 317
Suppose 0 = -4*c - 9*x + 64467, -c + 3000 = 2*x - 13117. List the prime factors of c.
3, 199
Suppose 2*h - h = 3, 4*p = 5*h - 27. Let n be (0*1/2)/(-1 - p). Suppose n = 2*d + 4*x - 148, 308 + 44 = 5*d + x. What are the prime factors of d?
2, 5, 7
Let t(u) = -4*u**3 - 10*u**2 + 22. Let a be t(4). Let i = -251 - a. What are the prime factors of i?
11, 13
Let t = 594 - 592. Suppose -9933 = -9*x - t*x. List the prime factors of x.
3, 7, 43
Suppose 5*r = -5*j + 55845, -124*j + 125*j + 3*r = 11161. What are the prime factors of j?
11173
Let c = 6769 + -4681. What are the prime factors of c?
2, 3, 29
Let x(o) = 22*o**2 + 52*o - 56 - 62*o + 92. What are the prime factors of x(4)?
2, 3, 29
Let s be -2*2/(-3)*3. Let y = 795 - 790. Suppose -s*p = p - y*l - 240, 5*p - 260 = l. List the prime factors of p.
53
Let q be (1/(-4))/(4/16). Let w(t) = 11 - 5 - 42*t - 8. List the prime factors of w(q).
2, 5
Let g be -2 - 3 - (0 + -19). Suppose -4937 = -g*y + 4653. List the prime factors of y.
5, 137
Let h = 146 + -87. List the prime factors of h + 8 + 1 + -3.
5, 13
Suppose 0 = 2*t + 28*z - 31*z - 2575, -4*t - 4*z + 5160 = 0. What are the prime factors of t?
1289
Suppose 0 = -1330*v + 1329*v - 3*s + 11899, 3*v - 3*s - 35745 = 0. What are the prime factors of v?
43, 277
Suppose 2*a + 280 = 5*i, 5*a - 5*i - 39 = -769. Suppose 5*k - 1184 = 406. Let u = k + a. What are the prime factors of u?
2, 3, 7
Let t(b) = b**2 + 44*b + 200. Let h be t(-39). Suppose -5170 = -h*x - 5*k, -18*x + 2*k + 4142 = -14*x. What are the prime factors of x?
3, 5, 23
What are the prime factors of (-10)/((24/828)/((-582)/18))?
5, 23, 97
Let c = -14 + 32. Let q(j) = -52*j - 58*j - j**2 + 125*j - c. What are the prime factors of q(13)?
2
Let d(g) = g**2 + 33*g + 72. Let q be d(-31). Suppose 364 = q*i - 6*i. List the prime factors of i.
7, 13
Let s(k) = -4063*k**3 + k**2 + 8*k + 7. What are the prime factors of s(-1)?
17, 239
Suppose 4*i = -v + 85, 7*v - 3*v = -2*i + 60. Let y be (i + 0)*(-9)/(-36). Suppose 4*t + 3*r = 2*t + 159, -2*r + 414 = y*t. What are the prime factors of t?
2, 3, 7
Suppose -36 = 4*j - 10*j. Suppose -j = 3*g - 6*g. What are the prime factors of -117*(g - 28/12)?
3, 13
Let m = -3 + -26. Let x = 32 + m. Suppose -5*n = 4*c - 189, c + 119 = x*n - 8. What are the prime factors of n?
41
Let y = -2211 - -6583. List the prime factors of y.
2, 1093
Let l = -4952 + 9436. Suppose -884 = 4*p - l. List the prime factors of p.
2, 3, 5
Suppose -5*k - 4*l = -3355, 4*k + 1057 - 3750 = -5*l. Suppose -5*g + b = -k, 123 = 3*g + 4*b - 291. List the prime factors of g.
2, 67
Suppose 186*v = 182*v + 24. What are the prime factors of (2*-675)/(-3) - v?
2, 3, 37
Let c be 0 - (-5 - -2)/((-9)/(-6)). Suppose 4*w - w = 2*x + 8, -w = -c*x. List the prime factors of (10/(-4) + x)/((-3)/18).
3
Let u = 21311 - 8865. List the prime factors of u.
2, 7, 127
Suppose 5*j = -2*q - 0*j + 66, -5*j + 38 = q. List the prime factors of (561/3)/(-3 - q/(-8)).
2, 11, 17
Let n(d) = 2*d**2 + 3*d + 2. Suppose k = -k - 2*u + 2, 5*k + u + 7 = 0. Let f be n(k). Suppose -f*c - 129 = -417. What are the prime factors of c?
2, 3
Suppose -3*d + 104756 = 5*x, 3*x - 3*d + 5451 - 68295 = 0. What are the prime factors of x?
2, 5, 419
Suppose 28 = 4*d + 2*l, -3*d = 5*l - 16 + 9. Suppose 5*g - d*g = 2*y - 3102, -2*y - g + 3111 = 0. What are the prime factors of y?
3, 173
Let b = -1 + -3. Let z(l) = -5*l**2 - 5*l - 1. Let t(j) = -j**2 - j. Let d(f) = -3*t(f) - z(f). What are the prime factors of d(b)?
97
Let o = -1290 - -4223. What are the prime factors of o?
7, 419
Let q be 298/8 - ((-11)/(-4))/11. Let n(x) = q + 9 - 25 + 4*x + 8*x. List the prime factors of n(9).
3, 43
Let f(j) = -8461*j + 135. Let g be f(-2). Suppose 27*z = 17584 + g. What are the prime factors of z?
1283
Let g(q) = -405*q + 2255. What are the prime factors of g(-21)?
2, 5, 269
Let u(s) = 39*s**2 + 19*s + 487. List the prime factors of u(26).
3, 5, 1823
Suppose -351 = 9*r - 0*r. Let n = 48 + r. Suppose -n*h - 7*h + 3120 = 0. List the prime factors of h.
3, 5, 13
Let t = 62 - 62. Suppose t = 4*y - 3*y + x + 89, -4*y - 347 = x. Let m = y + 155. What are the prime factors of m?
3, 23
Suppose g = -4*d + 787, 6*d - g - 789 = 2*d. Suppose -5*h + 2*s + 4130 = 0, -h + 3*s + 1036 = d. What are the prime factors of h?
2, 103
Suppose -v - 26*r = -21*r - 8445, -5*r = 4*v - 33795. List the prime factors of v.
2, 5, 13
Let n(j) = 12*j**2 - 28*j + 3089. List the prime factors of n(38).
3, 6451
Suppose -15*o + 78541 + 6434 = 0. List the prime factors of o.
5, 11, 103
Let m = 4811 - 1941. List the prime factors of m.
2, 5, 7, 41
Suppose -133*i + 117*i + 822528 = 0. What are the prime factors of i?
2, 3, 7, 17
Let h(w) = 54*w**2 + 28*w - 17. Let p be h(-18). Suppose 0 = -20*y + p + 6205. What are the prime factors of y?
19, 61
Let d = 42 + -34. Let z be (6/8)/(1/d).